5
What is the highest common factor of 57 and 1007?
19
Calculate the greatest common factor of 13 and 104.
13
What is the greatest common divisor of 448 and 2800?
112
What is the highest common divisor of 149 and 139613?
149
What is the highest common factor of 1482 and 663?
39
What is the highest common factor of 6110 and 260?
130
Calculate the highest common divisor of 164 and 152.
4
Calculate the greatest common divisor of 24853 and 29.
29
Calculate the greatest common divisor of 25 and 2725.
25
Calculate the highest common divisor of 49 and 140.
7
Calculate the highest common divisor of 76 and 513.
19
What is the highest common factor of 285 and 75?
15
What is the greatest common factor of 3411 and 9?
9
What is the greatest common divisor of 444 and 3256?
148
Calculate the greatest common factor of 120 and 276.
12
What is the highest common factor of 1508 and 1276?
116
Calculate the greatest common factor of 2355 and 15.
15
What is the highest common factor of 15 and 75?
15
What is the greatest common divisor of 43 and 301?
43
Calculate the greatest common factor of 2 and 194.
2
Calculate the highest common divisor of 200 and 25.
25
What is the greatest common factor of 101 and 6161?
101
What is the greatest common factor of 11 and 16808?
11
What is the highest common factor of 832 and 156?
52
What is the greatest common divisor of 100 and 50?
50
What is the highest common factor of 18 and 14?
2
Calculate the highest common factor of 71 and 4544.
71
What is the highest common factor of 2019 and 3?
3
Calculate the greatest common factor of 190 and 2394.
38
What is the highest common divisor of 32 and 28?
4
What is the highest common factor of 126 and 28?
14
Calculate the highest common factor of 48 and 59376.
48
Calculate the greatest common divisor of 27 and 99.
9
What is the highest common divisor of 65 and 26?
13
What is the highest common divisor of 46 and 18?
2
Calculate the greatest common divisor of 9331 and 3311.
301
What is the highest common factor of 803 and 176?
11
What is the greatest common divisor of 688 and 43?
43
Calculate the highest common factor of 56 and 58856.
56
Calculate the greatest common divisor of 7965 and 590.
295
What is the greatest common divisor of 88 and 4312?
88
Calculate the greatest common factor of 32 and 976.
16
What is the highest common factor of 117 and 169?
13
What is the greatest common factor of 11 and 55?
11
Calculate the greatest common factor of 1484 and 84.
28
What is the highest common divisor of 350 and 10?
10
Calculate the greatest common divisor of 384 and 6.
6
What is the greatest common factor of 236 and 295?
59
What is the highest common factor of 1886 and 41?
41
Calculate the greatest common divisor of 3200 and 20.
20
Calculate the greatest common divisor of 79 and 9243.
79
Calculate the greatest common factor of 83 and 1577.
83
What is the greatest common divisor of 304 and 779?
19
Calculate the highest common factor of 60 and 96.
12
Calculate the greatest common divisor of 115 and 30.
5
What is the greatest common divisor of 78 and 962?
26
What is the greatest common factor of 14154 and 42?
42
Calculate the highest common factor of 7872 and 1066.
82
What is the highest common factor of 12 and 86928?
12
What is the greatest common factor of 10763 and 47?
47
Calculate the highest common factor of 10318 and 154.
154
Calculate the highest common divisor of 79 and 632.
79
What is the greatest common divisor of 1 and 13?
1
What is the greatest common divisor of 14 and 1736?
14
What is the greatest common factor of 298 and 2086?
298
Calculate the greatest common factor of 23 and 575.
23
What is the highest common divisor of 2016 and 4158?
126
What is the greatest common divisor of 6634 and 682?
62
What is the greatest common factor of 175 and 19775?
175
What is the highest common divisor of 26 and 182?
26
What is the greatest common factor of 458 and 1603?
229
Calculate the highest common factor of 6356 and 504.
28
Calculate the highest common divisor of 135 and 35.
5
What is the greatest common divisor of 495 and 3267?
99
What is the greatest common factor of 900 and 18?
18
Calculate the highest common divisor of 640 and 192.
64
Calculate the highest common divisor of 660 and 80.
20
What is the highest common divisor of 1431 and 27?
27
Calculate the greatest common divisor of 85 and 476.
17
What is the highest common factor of 308 and 847?
77
What is the greatest common factor of 1308 and 6?
6
What is the highest common factor of 1905 and 15?
15
Calculate the greatest common divisor of 4212 and 12.
12
Calculate the greatest common factor of 968 and 704.
88
What is the highest common factor of 36 and 2300?
4
What is the greatest common factor of 64 and 1728?
64
What is the highest common divisor of 1610 and 92?
46
Calculate the greatest common factor of 352 and 132.
44
Calculate the greatest common factor of 1921 and 153.
17
What is the highest common divisor of 209 and 4332?
19
What is the highest common factor of 194 and 26?
2
What is the highest common divisor of 116679 and 57?
57
What is the highest common divisor of 62 and 1302?
62
Calculate the greatest common divisor of 110 and 66.
22
What is the greatest common factor of 15 and 895?
5
What is the highest common factor of 60 and 45?
15
Calculate the greatest common factor of 21 and 57.
3
Calculate the highest common divisor of 156 and 169.
13
What is the greatest common factor of 1690 and 15?
5
Calculate the highest common factor of 24 and 249.
3
What is the highest common factor of 806 and 78?
26
Calculate the greatest common factor of 658 and 42.
14
Calculate the greatest common divisor of 39 and 13156.
13
What is the greatest common divisor of 4331 and 61?
61
Calculate the highest common factor of 24112 and 11.
11
What is the highest common factor of 1742 and 536?
134
What is the highest common divisor of 162 and 72?
18
What is the highest common factor of 142 and 639?
71
Calculate the greatest common divisor of 115 and 207.
23
What is the greatest common divisor of 1720 and 258?
86
Calculate the greatest common divisor of 6392 and 4136.
376
Calculate the highest common factor of 12 and 228.
12
Calculate the highest common divisor of 20 and 40.
20
What is the greatest common factor of 130 and 143?
13
What is the greatest common factor of 12 and 843?
3
What is the highest common divisor of 41 and 1271?
41
What is the greatest common factor of 44 and 451?
11
Calculate the greatest common divisor of 2656 and 1494.
166
Calculate the highest common divisor of 3 and 966.
3
What is the greatest common divisor of 80 and 840?
40
Calculate the greatest common divisor of 57 and 7201.
19
Calculate the highest common factor of 24 and 681.
3
Calculate the greatest common divisor of 6 and 4659.
3
Calculate the greatest common divisor of 82095 and 15.
15
What is the highest common factor of 816 and 64?
16
What is the highest common divisor of 56 and 77?
7
What is the highest common factor of 94 and 1363?
47
Calculate the highest common divisor of 196 and 224.
28
Calculate the highest common divisor of 315 and 2345.
35
Calculate the highest common divisor of 339 and 3.
3
What is the greatest common divisor of 13 and 325?
13
What is the highest common divisor of 144 and 90?
18
Calculate the highest common divisor of 400 and 25.
25
Calculate the greatest common divisor of 4056 and 117.
39
Calculate the highest common factor of 9117 and 90.
9
Calculate the highest common divisor of 800 and 50.
50
What is the highest common factor of 232 and 3596?
116
Calculate the highest common factor of 236 and 16.
4
Calculate the greatest common divisor of 49 and 7.
7
What is the highest common divisor of 33 and 1221?
33
What is the greatest common factor of 770 and 70?
70
Calculate the highest common factor of 464 and 1008.
16
What is the highest common divisor of 81 and 297?
27
What is the highest common factor of 45422 and 26?
26
Calculate the greatest common divisor of 196 and 1323.
49
Calculate the highest common divisor of 2139 and 69.
69
Calculate the greatest common factor of 860 and 1020.
20
What is the greatest common factor of 13 and 767?
13
What is the greatest common factor of 676 and 26?
26
Calculate the highest common factor of 208 and 1352.
1